g**3 - 39*g**2 - 72*g + 68. Let k = 528 - 565. Let u be j(k). Let r(i) = 2*i + 8. Give r(u).
-4
Let x(k) = -k**3 + 41*k**2 - 78*k + 7. Let q be -5 + (868/20 - (-8)/((-400)/(-30))). What is x(q)?
7
Let w(z) = -5*z + 13. Suppose 0 = -s + 353 - 350. Suppose -4*f + 22 = s*k, 2*f - 8 = -9*k + 6*k. Calculate w(f).
-22
Let g be 4 - (-3 + (-1 - 1)) - 4. Suppose 2*v - 4*t + 6 = 0, 0 = 2*v + 9*t - g*t - 34. Let i(x) = x - 2. Give i(v).
5
Suppose -5*z + 809 = -2*s, 6*z + 323 = 8*z - s. Let k = z - 161. Let d(q) = -3*q + 3. Determine d(k).
-3
Let i(w) be the third derivative of -w**6/30 + 7*w**5/30 - 3*w**4/8 + 4*w**3/3 + 176*w**2 - 19. Calculate i(3).
-1
Suppose -170*f + 168*f = -4. Let k be (-594)/77 + f/(-7). Let y(l) = l**2 + 9*l - 1. What is y(k)?
-9
Let v(t) = -t**3 + 15*t**2 + 17*t - 17. Let n(x) = 32 - 261 + 0*x - 5*x - x + 23. Let w be n(-37). Give v(w).
-1
Suppose 49 = 4*q - 111. Let x = q - 42. Let d(h) = h**3 - h + 1. Let b be d(x). Let j(c) = -c**2 - 5*c. Calculate j(b).
0
Let n = 2325 - 2328. Let q(h) = -6*h - 19. What is q(n)?
-1
Let y(c) = c**2 + 10*c + 20. Let f be y(-3). Let s(q) = -38*q**2 + 4*q + 3. Let p(w) = 2*w**2 - w - 1. Let j(m) = -4*p(m) - s(m). Calculate j(f).
31
Let w(u) = u**3 - 7*u**2 + u - 7. Suppose -5*n + 41 + 114 = 0. Suppose 3*d = 223 - n. Suppose d*f - 59*f = 35. What is w(f)?
0
Let u(k) = -17 + 126 - 52 - 30 - 15*k. Give u(7).
-78
Suppose -3*x - 6 = 0, 2*d + 2*x = -2*d - 28. Let j(i) be the first derivative of i - 10*i**2 + 9*i**2 + 9 - 30 - 37. Determine j(d).
13
Suppose 6285 = 6*b - 849. Let y(n) = 2*n**2 + 1189*n + 2*n**3 - b*n + 2. What is y(-2)?
-6
Let m(w) = 2*w**2 + 23*w - 16. Suppose 2*i - 38 = 2*b, 2*b + 10 = -0*b - 2*i. Determine m(b).
-4
Let z(h) = 2*h - 6. Let f = 1301 + -1297. Suppose -2*w = 4*v - 26, -3*w + 0*w - 4*v = -31. Let o(a) = -2*a + 7. Let c(g) = f*o(g) + w*z(g). Give c(3).
4
Let c(z) = 2*z**3 + z**2 + 2*z - 1. Let i(h) = 11*h**3 + 10*h**2 + 16*h - 1. Let g(t) = -5*c(t) + i(t). Let w = -62 + 58. What is g(w)?
-4
Let v(q) = q**2 - 4*q + 3. Let m = -254 + 272. Suppose 5*j + 3*u - 13 = 0, 13*j - m*j + 4*u + 6 = 0. Calculate v(j).
-1
Let k = 489 - 474. Let l = k + -23. Let o(v) = v**3 + 9*v**2 + 8*v - 7. Calculate o(l).
-7
Let w(s) = -s**3 - 5*s**2 + 6*s + 7. Let d be w(-6). Let g(l) be the first derivative of -l**2/2 - 6*l - 834. Give g(d).
-13
Suppose 0 = -4*u - 5*t + 31, -2*u + 6*u + 2*t - 34 = 0. Let a(k) be the first derivative of -k**2/2 + 5*k - 5326. Calculate a(u).
-4
Let s(j) = -j**3 - 8*j**2 - 2*j - 18. Let o be s(-8). Let m(f) be the second derivative of f**3/6 + f**2/2 + 3*f - 5. What is m(o)?
-1
Let i be 15 - (-496)/48*-3. Let b(k) = -k**3 - 14*k**2 + 32*k + 39. Calculate b(i).
39
Suppose 39*f = -122 + 5. Let j(g) = -6*g**2 - 10*g + 14. Give j(f).
-10
Let q(m) = -m**2 + 16*m - 6. Let x(u) = u**2 - 31*u + 13. Let g(t) = 5*q(t) + 3*x(t). Suppose z = 2*v + 14, v - 15*z = -11*z - 7. Give g(v).
2
Suppose 3*f + 12 = 0, -t = 34*f - 38*f - 19. Let n(p) be the first derivative of p**3/3 - 2*p**2 + 3*p + 1. Calculate n(t).
0
Let t be 1*3*14/6. Let y(j) = -1490*j + t*j**2 + 1491*j + 14*j**2. Calculate y(1).
22
Let y = -10 + 16. Suppose -8*n - 10 = -90. Let j(a) = -2 + 3*a + a**3 + 7 - 522*a**2 + 516*a**2 - n. Give j(y).
13
Let b = 117842 - 117840. Let d(x) = -8*x**2 + 5*x. Let u(s) = s**2 - s. Let t(v) = d(v) + 3*u(v). Give t(b).
-16
Let d(x) be the first derivative of 2*x**2 - 47*x - 4199. Determine d(19).
29
Let n(x) = -x**2 - 1141 - 11*x - 1153 - 1146 + 3428. Let l(j) = j**3 + 7*j**2 + 9*j + 9. Let m be l(-6). Determine n(m).
6
Let t(p) = -p + 1. Let x(y) = -2*y + 3. Let l(d) = t(d) - x(d). Let h(c) = 7*c**3 - 1231*c**2 - 177*c + 177. Let r be h(176). Calculate l(r).
-1
Let x(b) = -3*b - 8. Let h(v) = 2*v + 4. Let o(p) = -5*h(p) - 3*x(p). Let m be -1*10/4 + (-15)/10. What is o(m)?
8
Let t(k) = -10*k**3 + 51*k**2 + 23*k - 148. Let q be t(5). Let r(c) = -3*c**2 + 3*c**2 + 10*c + 2*c + c**2. Determine r(q).
-32
Let b(m) = m**3 - 9*m**2 + 9*m - 8. Let t = -159 + 159. Suppose 2*w - 8 = -y - w, -5*w = t. Calculate b(y).
0
Suppose 0 = -z - 5*j - 4, z - 18 + 38 = -j. Let t be -3*z/(24/(-4)). Let c(k) = k + 19. What is c(t)?
7
Let i(w) be the first derivative of 4*w**4 - 1/3*w**3 - 85 + 0*w**2 + 0*w. What is i(-1)?
-17
Suppose 18 = -2*y - y. Let d(i) = 11*i**2 + 5*i - 3. Let z(v) = -36*v**2 - 14*v + 8. Let o(h) = -10*d(h) - 3*z(h). Calculate o(y).
-18
Let j(m) = -m**3 - m - 1. Let o(n) = -7*n**3 + 4*n + 5. Let y(c) = -5*j(c) - o(c). Suppose 0 = 5*z - 5, 17*u - 43*z + 44*z = 18. Determine y(u).
13
Let n(j) = -6*j + 162. Suppose -5*y + 12 = 42, 0 = -k - 4*y + 3. Give n(k).
0
Let s(m) = -7*m**2 + 7*m + 6. Suppose -2*h = -2*z - 8, z = 5*h - 60 + 44. Give s(z).
-8
Suppose 15 = 4*v + 51. Let a(g) = -6*g - 15. Let p(j) = -4*j - 18. Let r(h) = a(h) - 2*p(h). What is r(v)?
3
Let t(d) = -12*d + 118. Let h(w) = 23*w - 145. Let m(i) = 3*h(i) + 5*t(i). Determine m(-18).
-7
Let k(v) be the third derivative of -v**5/60 - v**4/8 + 16*v**3/3 + 267*v**2. Calculate k(-8).
-8
Let f(t) = 14*t + 493 - 15*t - 491. Suppose -4*i + 175 = 203. Determine f(i).
9
Let j(o) be the first derivative of -o**3/3 - o**2 + 64*o + 5601. What is j(-9)?
1
Let d(y) be the third derivative of y**4/8 - 7*y**3/6 - 971*y**2. Give d(21).
56
Let t be 3 - (4548/42 + 2/(-7)). Suppose 4*m + 0*m + 440 = 0. Let g = t - m. Let d(h) = -h + 8. Determine d(g).
3
Let l(g) = 17 + 6197207*g - 58 - 6197205*g. Calculate l(19).
-3
Let t(f) = 10*f + 2644 - 5313 + 2647. What is t(5)?
28
Let k(o) = -835*o - 33401. Let s be k(-40). Let x(d) be the first derivative of 13*d**2/2 + 1. Give x(s).
-13
Let h(x) = x**2 + 98*x + 377. Let y be h(-4). Let z(u) = u**2 + u + 1. Let t(g) = 2*g**2 - 9*g - 5. Let d(s) = -t(s) - 6*z(s). Give d(y).
-6
Let r(n) = -144*n + 8903. Let y be r(62). Let u(z) = -8*z - 206. What is u(y)?
-6
Let q(t) = -4*t + 16. Suppose 16 = j + 4*f, 0*j + j - 6 = f. Suppose j = -9*l + 35. What is q(l)?
4
Let b(o) = -14*o + 98. Let g be b(7). Suppose -k + u = g, -9*u = -14*u + 25. Let t(j) = 5*j - 4. Determine t(k).
21
Let u(c) = c**2 + 9*c - 10. Let x(z) = -2*z - 195 + 386 - 183. Let v be x(9). Calculate u(v).
0
Let m(z) = z**2 + 6*z + 1. Let u be (-44)/(-10)*(-6 + 20 + -4). Let q = -48 + u. Let a be 136/(-36) + q/18. Give m(a).
-7
Let b(j) = -2*j - 11. Suppose 0 = -v + u - 2, v - 2*u = -88 + 89. Determine b(v).
-1
Let j(p) be the first derivative of p**4/12 - 3*p**3/2 - 8*p - 7. Let u(m) be the first derivative of j(m). Let i be (54/(-36))/(14/(-12) - -1). Determine u(i).
0
Let w(n) = -19*n**3 - 4*n**2 - 22*n + 21. Let h(v) = -7*v**3 - 2*v**2 - 8*v + 7. Let c(a) = -11*h(a) + 4*w(a). Give c(-5).
32
Let y(s) = 201*s + 407. Let j be y(-2). Let t(p) = 5*p**2 - 28*p + 10. What is t(j)?
-5
Let v(x) = x + 3. Suppose -9*o + 4*o + 3*g - 9 = 0, 2*o + 2*g + 10 = 0. What is v(o)?
0
Let z(c) = 0*c**2 - c**2 - 40 + 4*c + 44. Suppose -2*r - 11 = j + 14, -2 = -2*r. Let i = j - -33. Give z(i).
-8
Let d(n) be the first derivative of 5*n**2/2 - 15*n - 2724. Calculate d(-12).
-75
Let a(l) = -1736*l - 62*l**3 - 17 + 61*l**3 + 1730*l - 10*l**2. What is a(-10)?
43
Suppose -2*f = 2*v - 8 + 2, 5*v + 25 = 3*f. Suppose 0 = -4*g + 3*b + 21, -4*b = -f*g - 7*b + 33. Let d(x) = -2 + 2 - 2 + g + x. What is d(-8)?
-4
Let c(b) = -15*b + 207. Let n(x) = 75*x - 1113. Let v(f) = -11*c(f) - 2*n(f). What is v(4)?
9
Let g(v) be the first derivative of 10*v - 11/2*v**2 - 97 + 1/3*v**3. What is g(7)?
-18
Let i(n) = -10*n**2 - n + 75. Let s(g) = 23*g**2 - 149. Let c(u) = -7*i(u) - 3*s(u). What is c(-13)?
0
Let b(f) = -f**3 - 15*f**2 + 15*f - 19. Suppose 2*q - 4*j + 28 = 0, -2*q + 2*j = -0*q + 30. Determine b(q).
-3
Suppose -66*d + 205 - 1459 = 0. Let c(o) = -3*o**2 - 56*o + 22. Determine c(d).
3
Let u = -2922 + 2931. Let y(k) = k**2 - 7*k - 4. What is y(u)?
14
Let t(c) be the third derivative of -c**6/120 + 3*c**5/20 - 17*c**4/24 + 5*c**3/6 - 2*c**2 + 2503. Calculate t(7).
-16
Let c = -22765 - -22773. Let d(x) = -3*x + 5*x + 16 - 28 + x. Determine d(c).
12
Let g = -14065 + 14068. Let c(p) = 5*p**2 - 10*p + 5 - p**3 - 1 + 6*p. What is c(g)?
10
Let w(v) = -v**3 - 10*v**2 - 5*v + 34. Let z be w(-9). Let o(l) = l**3 - l**2 + 2*l + 1. What is o(z)?
-15
Let k(b) = -b**2 + 1922*b - 74 - 1924*b + 88. De